ctors of m.
3
What are the prime factors of 45 - 0/(4 - 7)?
3, 5
What are the prime factors of (3/(-12))/((-2)/776)?
97
Let z(c) = c**2 + 9*c - 8. Let a be z(-10). Suppose -2*g - a*g = 0. Suppose 0 = -7*s + 4*s - 2*x + 25, g = -3*x - 3. List the prime factors of s.
3
List the prime factors of 2 - (-1 + 1)*1.
2
Let r(v) = -v**2 - 17*v - 21. List the prime factors of r(-10).
7
Suppose -6*f + 3*f + 6 = 0. Let g be 4/f*(1 - 0). Suppose -3*t + 12 = 2*k, 4*k + 0*t - g*t - 40 = 0. What are the prime factors of k?
3
Let d(o) = -9*o**3 + o**2 + 2*o + 1. Let c be d(-1). Let v = 18 - c. Suppose -40 = -5*r - 5*f, 3*r - v = -5*f + 23. What are the prime factors of r?
2
Let j(a) = -8*a - 6. Suppose 4*w = 2*i - 8, -5*w = -5*i + i + 4. Let l be j(w). What are the prime factors of 4/14 + l/7?
2
Let i be (3/2 + -1)*0. List the prime factors of 13 + (i - 2)*1.
11
Suppose 5*f - 7 = -27. Let u(z) = 2*z**2 + 4*z + 1. What are the prime factors of u(f)?
17
Let j(l) = 3*l + 1. Let y = -6 + 11. List the prime factors of j(y).
2
Let b(j) = -j**2 + 8*j**3 - 5*j**2 - j + 1 + 7*j**2. List the prime factors of b(1).
3
Let u(j) = -7*j**2 - 2*j - 1. Let s be u(-1). Let c = 27 + -26. List the prime factors of (s - -25)/(0 + c).
19
Let d(g) = g**2 - 17*g + 6. Let q(n) = 2*n**2 - 33*n + 12. Let o(y) = 5*d(y) - 3*q(y). What are the prime factors of o(10)?
2, 17
Suppose -p - 2 + 15 = -5*a, -5*p + 39 = a. What are the prime factors of 2*1 + (p - 4)?
2, 3
Suppose 5*r = r + 400. What are the prime factors of ((-4)/(-10))/(4/r)?
2, 5
Let p = -35 - -82. List the prime factors of p.
47
Let v = 15 + 41. List the prime factors of (-14)/63 + v/9.
2, 3
Let g = -4 - -6. Suppose 15 = -g*n - 1. What are the prime factors of n/(6/10 - 1)?
2, 5
Let n = 22 - 34. Let t be (-46)/n - (-5)/30. Let u(i) = 2*i - 1. List the prime factors of u(t).
7
Suppose -3*w = -d, -4*d + 33 = -0*d - w. Suppose -g + 3 = -d. List the prime factors of g.
2, 3
Let l = -8 + 33. Let m = l - 1. List the prime factors of m.
2, 3
Let z = -64 + 162. List the prime factors of z.
2, 7
Let f(i) = -i**3 - 11*i**2 + 11*i + 1. Let r be f(-12). Suppose 3*g = 2 + r. List the prime factors of g.
5
What are the prime factors of 3/(9/(-3)) + 3?
2
Let x = 47 - 45. Let d(v) be the second derivative of 5*v**4/12 - v**3/6 + v**2 + v. What are the prime factors of d(x)?
2, 5
Let t = -312 - -481. What are the prime factors of t?
13
Suppose -i - 5*y + 5 = 0, 1 = 4*y - 3*y. Suppose i*n = -3*n + 6. What are the prime factors of n?
2
Let c(l) = -6 + 4 + l + 1 + 2. What are the prime factors of c(7)?
2
Let g be (0 - 0) + 69/3. What are the prime factors of g + 4/((-4)/3)?
2, 5
Let n(c) = 4*c**2 + 3*c + 1. Let g be n(-2). Let r = g + -3. What are the prime factors of r?
2
Suppose -3*i + 6*i - 9 = 0. Suppose -3*z = 5*b - 141, -b - i*b - 5*z = -118. List the prime factors of b.
3
Let z(h) = 22*h**2 - 1. Let b be z(1). Suppose 5*x - 19 = 3*q, 3*x = q + 4*q + b. Let g = x - -1. List the prime factors of g.
3
Let i(u) = u**3 + 8*u**2 + 5*u - 7. Let g be i(-7). Let z = 15 - g. List the prime factors of 170/z + 2/(-8).
3, 7
Let g(f) = f**3 - 3*f**2 - 4*f. Let d be g(4). Suppose -5*t = -z - 0*z + 46, d = 3*z - 3*t - 102. Let u = z - 19. What are the prime factors of u?
2, 3
Suppose -c = 5*y - 7, y = -4*c - c - 13. Suppose -y*j = j - 33. List the prime factors of j.
11
Let c(r) = r**2 - 3*r - 7. Let v be c(5). Suppose 5*a - 27 = -v*w, -2*w - 2*a + 26 = 3*w. Suppose -w*o + 21 = -o. List the prime factors of o.
7
Suppose -4*z + 11 = -25. Let v(m) = -m**3 + 9*m**2 + 2*m - 12. Let l be v(z). Suppose -2*u = -l - 8. List the prime factors of u.
7
Let b be 36/(-15) - 4/(-10). Let c be -2 - 2*24/b. Suppose u = -5*h + 13, 0*h - 5*h = 4*u - c. What are the prime factors of u?
3
Let r(v) = -v**3 + 3*v**2 + 4*v - 4. Let i be r(-4). Suppose -u + 92 = 4*c + 3*u, i = 4*c - u. List the prime factors of c.
23
Let x be ((-8)/(-12))/(2/258). Suppose -4*y = -x - 10. List the prime factors of y.
2, 3
Let s(x) = 14*x**2 - 1. Let b(u) = -u**2 + 13*u + 2. Let w be b(13). Suppose -f - w = f. What are the prime factors of s(f)?
13
Suppose -1 = j + 2*u, -23 = -4*j - u + 2*u. Let d be (-46)/(-10) - 3/j. Suppose d*n - 10 = 3*n. List the prime factors of n.
2, 5
Suppose q = -4*g + 130 - 13, 5*g + 20 = 0. What are the prime factors of q?
7, 19
Let p(y) be the first derivative of y**3/3 + 9*y**2/2 - 2*y + 3. Let d be p(-9). What are the prime factors of 48/21 + d/7?
2
Let z(c) = c**2 - 5*c + 3. Let v be z(7). Let f(g) = -18*g**3 + 3*g**2 + 2*g**2 + v*g**3 - 1 - 2*g. List the prime factors of f(4).
7
Let q be 8/3 - (-2)/(-3). Suppose 3*x = -2*t + 11, -x + q*t + 1 = -8. Suppose x = 2*f - 3. List the prime factors of f.
2
What are the prime factors of 25/2*(2 - -2)?
2, 5
Suppose -m - 5*o + 11 = 0, -3*o + 7 + 1 = 2*m. Suppose -9 = -4*r - m. Suppose 4*j - 14 = -r. List the prime factors of j.
3
Suppose -7*d = -14 - 14. List the prime factors of d.
2
Let h be (-1)/1 + (-12)/(-3). Suppose 0 = -0*b + h*b - 48. What are the prime factors of b?
2
Suppose 0 = 2*d + 22 - 96. What are the prime factors of d?
37
Let b be 52/10 - (-2)/(-10). Suppose -b*s = 20, n + 4*s + 7 = s. What are the prime factors of n?
5
Suppose 0 = -6*m - 4 + 472. List the prime factors of m.
2, 3, 13
List the prime factors of (-30)/25*25/(-1).
2, 3, 5
Let k be ((-5)/(-2))/((-3)/(-6)). Suppose -2*g - g = -4*b + 34, 5*b = -k*g + 25. What are the prime factors of b?
7
Let j = -140 - -197. Suppose -4*o + 73 = -m, -j = -4*o + o + 3*m. List the prime factors of o.
2, 3
Let r = 12 - 20. Let n be r/6*12/(-2). List the prime factors of n + 1 - (-1)/(-1).
2
Suppose 13 = -0*l - l. Let n = -8 - l. Suppose 5*v = n + 45. List the prime factors of v.
2, 5
Let k(m) = -m**2 + 17*m - 9. List the prime factors of k(11).
3, 19
Suppose 456 = 3*b + 3*p, 3*p - 5*p = b - 155. What are the prime factors of b?
149
Let f = -2 - -10. Suppose 0 = -d - d + 2*y - f, -5*d - 4 = -y. Let v = 9 - d. What are the prime factors of v?
3
Suppose -5*g = t - 3*t - 11, 3*t = -4*g - 5. List the prime factors of (-83)/t + 7/21.
2, 7
Suppose 0 = -4*s + 26 - 2. Let c = -23 - -25. What are the prime factors of c/3 - (-44)/s?
2
Suppose 0 = s + 2*r - 23, -6*s + 154 = -s - 3*r. Suppose 5*y + 2*c - 90 = 0, 0 = -0*c + c. Let h = s - y. List the prime factors of h.
11
Let y(x) = -2*x**3 - 4*x**2 - 6*x + 3. List the prime factors of y(-5).
3, 61
Suppose g + 125 = -3*l + 3, 0 = -5*l + 5*g - 230. Let s = l - -80. What are the prime factors of s?
2, 19
List the prime factors of 378/4 - 1/(-6)*3.
5, 19
Suppose -2*q + 246 = q. List the prime factors of q.
2, 41
Let f(v) be the third derivative of v**7/840 - v**6/360 - v**4/6 - 3*v**2. Let g(z) be the second derivative of f(z). What are the prime factors of g(-2)?
2
Let x(i) be the third derivative of -i**5/60 + i**4/3 - 7*i**3/6 - i**2. Suppose -5*a + 43 - 13 = 0. List the prime factors of x(a).
5
Let g = 268 + -95. List the prime factors of g.
173
Let c(t) = t**2 - 13*t + 18. What are the prime factors of c(12)?
2, 3
Suppose 0*g + g = 4*r - 8, 4*r - 12 = 2*g. List the prime factors of 6/r*28/8.
3, 7
Suppose 4*b = 3*p + 2, 0 + 4 = 2*b. Let f(s) = 2*s**2 - 2*s - 2. Let y be f(p). Let m = y - -4. List the prime factors of m.
2, 3
Let p(q) = -10*q + 7*q - 1 + q**2 + 3. Let n be p(3). Suppose 0*y = n*j + y - 37, 3*j + y = 53. What are the prime factors of j?
2
Let b(x) be the third derivative of 13*x**5/60 - x**4/24 + x**3/6 - 3*x**2. List the prime factors of b(1).
13
Let x be 1*(0 - 2 - -9). Let d = x - 0. What are the prime factors of d?
7
Let y(b) = 15*b + 6. List the prime factors of y(4).
2, 3, 11
Let p(k) be the second derivative of -k**4/12 - k**3/6 + 2*k**2 - k. Let h = 13 + -13. List the prime factors of p(h).
2
Let i = 16 + -21. Let j(g) = -g**3 - 2*g**2 + 7*g - 2. What are the prime factors of j(i)?
2, 19
Let n be (-6)/(-8)*(-1 + -27). Let s = n + 14. What are the prime factors of -3 + 1 - 2*s?
2, 3
Let z be ((-12)/(-9))/(6/99). Suppose j - z = 2*x, 4*x - 3*j + 38 = -10. Let s(m) = -m**2 - 10*m - 5. List the prime factors of s(x).
2
Suppose -b = -0*b. Suppose 84 = 4*u - b. List the prime factors of u.
3, 7
Suppose y - 3*b - 10 = 0, -2*b = -3*y - 0*b + 16. Suppose -13 = -y*s - 5. Suppose 6*j - s*j - 64 = 0. List the prime 